 l(u).
14
Let d(o) = -271*o + 3262. Let g be d(12). Let f(n) = n**3 - 9*n**2 - 11*n - 2. Calculate f(g).
-12
Suppose 155*p + 456 = -939. Let d(g) = 3*g**3 + 27*g**2 - 2*g - 5. Determine d(p).
13
Let n(o) = 29*o**3 - 28*o**3 + 47 - 7*o**2 - 37 - 5*o. Determine n(7).
-25
Let k(a) = a**2 + 36*a + 223. Let w be k(-8). Let m(l) = 47*l + 25. Calculate m(w).
-22
Let d(p) = -20*p**2 + 258 + 62*p**2 - 13*p - 23*p**2 + 51*p - 18*p**2. Give d(-10).
-22
Suppose z = 3*d - 7, -4*d - 3*z = z - 4. Let n(f) = -9 - 4 + f - 8*f + 8 - f**d. Let x be (0 + 4/5)/((-22)/110). What is n(x)?
7
Suppose -59*k + 99 = -68*k. Let y(i) be the first derivative of -4*i**3 - 11/2*i**2 + 7*i + 1 - 1/4*i**4. Give y(k).
7
Let i(f) = -f**3 + 6*f**2 + 5*f - 2. Let c = 78 - 73. Suppose 38 = -c*p + 8*p + 5*v, -v + 4 = 0. Determine i(p).
28
Let n(i) = -4*i - 1. Let r be 92/20 + 2/5. Suppose 96*w - 25*w - 568 = 0. Suppose r*z + 6 = 3*o + 7*z, -4*o + w = z. What is n(o)?
-9
Let x(i) = -3*i - 4. Let o(r) = 2*r + 2. Let y(g) = 5*o(g) + 2*x(g). Let j(a) = -6*a**2 + 50*a - 1. Let k be j(4). Let q = k + -105. Give y(q).
-6
Let f(o) be the third derivative of -o**6/180 + o**5/40 + 95*o**4/24 + 41*o**2. Let i(b) be the second derivative of f(b). Calculate i(-4).
19
Suppose -399 = -5*s + 51. Suppose 0 = -9*q - 0 - s. Let c be q/(-3 - 2)*2. Let p(r) = r**2 - 4*r - 5. Give p(c).
-5
Let y(x) = x**3 + 10*x**2 + 8*x - 3. Let d be (-95)/10 + (-3)/(-6). Let h be y(d). Let f(a) = -h + 7*a**2 - 4*a**2 - 4*a**2. Determine f(0).
-6
Suppose 0 = -13*h + 273 - 299. Let o(l) = -5*l**3 + 8*l**2 + 12*l - 3. Determine o(h).
45
Let d(l) = l**3 + 16*l**2 + 19*l + 62. Let k(q) = 45*q + 2865. Let u be k(-64). Determine d(u).
2
Let p(c) = 2*c - 2. Suppose -1 = 84*f - 83*f. Let u be (f + 4)*(-12)/18. What is p(u)?
-6
Let w(f) be the third derivative of -f**5/15 + 5*f**4/12 - 7*f**3/6 - 1453*f**2. Calculate w(2).
-3
Let d(j) be the first derivative of 7*j**3 + 3/8*j**4 + 1/360*j**6 + 1/15*j**5 + 0*j - 21 + 0*j**2. Let w(y) be the third derivative of d(y). What is w(-6)?
-3
Suppose 7 - 27 = 20*w. Let o(x) = 7*x + 4. Calculate o(w).
-3
Let i(j) = 3*j**2 - 5*j. Let c(o) = o**2 - o - 1. Let m(d) = 5*c(d) - i(d). Let f be (-4 - -4)/((0 + -7)/7). Determine m(f).
-5
Let a(k) = 2*k - 32 + k + 2*k - 7*k. Give a(-25).
18
Let u(c) be the third derivative of -c**6/120 + c**5/10 + 3*c**4/8 - c**3 - 14*c**2. Let i(z) = -2*z + 12*z + 0*z - 17 - 4*z. Let b be i(4). Determine u(b).
8
Let i(q) = 6*q + 114. Let g be i(-18). Let t(j) = 7*j**2 - 14*j. Let h(z) = -z**2 + z. Let f(c) = g*h(c) + t(c). Determine f(7).
-7
Let k(n) be the third derivative of n**6/120 + n**5/6 - 7*n**4/12 - 2*n**3/3 + 26*n**2 + 14. Determine k(-11).
29
Let l(v) = -v**2 + 18. Let n(o) = -2*o**2 - 2*o + 34. Let d(u) = -11*l(u) + 6*n(u). Give d(-8).
38
Let n(i) = -345 - 437 - 44*i - 59*i + 30 + 45*i. Give n(-13).
2
Let t(a) be the first derivative of a**4/12 + 17*a**3/6 - 2*a**2 + 10*a + 122. Let h(o) be the second derivative of t(o). Determine h(-11).
-5
Let j(d) be the first derivative of -d**3/3 - 5*d**2 + 22*d - 3212. Calculate j(-9).
31
Let q be 6/10 + 546/390. Suppose -132 + q = 13*k. Let u(w) = -w**3 - 11*w**2 - 10*w - 11. Determine u(k).
-11
Let p(f) = -12*f**2 + f + 1. Suppose -97*g = -92*g + 2*k - 19, -3*g + 7 = -k. Calculate p(g).
-104
Let p(z) = -3*z**3 + 11*z**2 - 19*z + 4. Let m(d) = 8*d**3 - 33*d**2 + 50*d - 12. Let q(x) = 4*m(x) + 11*p(x). Give q(-10).
-14
Let v(n) be the first derivative of -n**4/4 - 5*n**3/3 - n**2/2 + 270. Let y be (2/(-18) + (-1183)/(-117))/(-2). What is v(y)?
5
Let t(a) = -a**3 - a**2 + a - 1. Let i be 20/(-6)*-1*24/20. Suppose 0 = -9*p - i + 4. Suppose -5*g + 3*j + 11 = 0, p = -g - 5*j + j - 7. What is t(g)?
-2
Let m(k) be the third derivative of -116*k**2 + 0 - 3/2*k**3 + 1/12*k**4 + 0*k. Give m(5).
1
Suppose -v - 3*l + 10 = 0, -2*v - v + 5*l + 2 = 0. Let o(q) = -1649*q + q**3 + 2 + 273*q**2 + 1644*q - 275*q**2. Determine o(v).
14
Let f be (-16)/2 + 0/1. Let w(p) = -p**2 + 474 - 238 - 94*p + 2*p**2 - 231 - 94*p + 194*p. Determine w(f).
21
Suppose -4*n + 20 = -0*n, -5*r + n = -10. Let m(d) be the second derivative of -d**4/6 - d**3/3 + 3*d**2/2 - d - 163. Determine m(r).
-21
Suppose 0 = -7*j - 11 + 32. Let z be ((-2)/j)/(46/207). Let i be 2/z + 85/15. Let v(w) = w**2 - 7*w - 5. Give v(i).
-15
Let m be 5 - -2 - (6 + -3). Suppose -m*l + 18 = 2*p, 4*p - 24 = -7*l + 3*l. Let g(h) be the second derivative of h**4/12 - h**3/2 - 2*h**2 + h. What is g(p)?
-4
Let v be ((-4)/(-15)*1)/((1080/(-250))/(-54)). Let s(p) be the first derivative of -19 - 5*p**2 + 5*p + 1/4*p**4 + v*p**3. What is s(-11)?
-6
Suppose 2266 = -5*l + 3*x + 27720, 2*l - 4*x = 10176. Let j(r) = 5 - r**2 + 5*r - 5093*r**3 + l*r**3 - 2*r**2. Let d(i) = i - 8. Let q be d(4). Determine j(q).
1
Let n(c) = 15*c + 281. Let p(k) = -16*k - 319. Let g(b) = -7*n(b) - 6*p(b). Give g(-6).
1
Let z(i) be the third derivative of -i**4/6 + i**3/2 - 2*i**2. Let s = 55747 + -55754. Give z(s).
31
Suppose 5*i - 16 = 3*i. Suppose k - 30 = -5*j, 3*j + 3*k = -2 + i. Suppose j*n = 11*n - 28. Let u(q) = 3*q - 5. Calculate u(n).
16
Let u(n) = -26*n - 7. Let r be u(-2). Suppose 55 = -r*c + 46*c. Let l(w) = 25*w**2 - c*w**2 - 2*w + w**3 - 2 + 27*w**2. Give l(4).
6
Let n(g) = -40*g + 145*g - 46*g - 39*g - 41*g + 10. Calculate n(3).
-53
Let q be (11 + -1)*2/4. Suppose -q - 5 = -5*w. Let j(i) be the third derivative of i**6/120 - i**5/60 + i**4/8 - i**3/3 + 30*i**2. What is j(w)?
8
Let m be (-8*(-4)/12)/((-4)/48). Let k be 10/8 + 4*2/m. Let a(z) = 16*z. Determine a(k).
16
Let f(z) be the second derivative of -z**5/20 - 3*z**4/4 - 11*z**3/6 + 7*z**2/2 + 10*z - 1. Calculate f(-8).
31
Let q(j) = 49*j**2 + 3*j - 6. Let t(a) = -59*a**2 - 4*a + 8. Let w(g) = 6*q(g) + 5*t(g). Let y be (-2 - -5)*(1 + -2). Determine w(y).
1
Let k(w) = w**2 - 3*w. Let z = 1175 + -568. Let q = 613 - z. Give k(q).
18
Suppose -5*w + 4*g = 15*g - 64, -4 = -2*w + g. Let m(x) = -2*x**3 + 6*x**2 - 5*x + 8. Calculate m(w).
-44
Let a(q) = 52*q + 1230. Let h(l) = -17*l - 388. Let b(z) = -6*a(z) - 19*h(z). Determine b(1).
3
Let h(l) = -14*l - 319. Let m be h(-24). Let a(w) = w**2 - 19*w + 40. Calculate a(m).
6
Let j(r) = -r**2 - 5*r - 4. Let p(b) = -2*b**2 - 10*b - 13. Let x(h) = -h**2 - 9*h - 12. Let c(y) = -2*p(y) + 3*x(y). Let q be c(12). Let f = q - 54. Give j(f).
0
Let i(h) = -4*h**3 - 9*h - 9*h**2 + 5*h**3 - 10 - 2*h**3. Suppose 3*j = -3, 171*v + 23 = 168*v + j. What is i(v)?
-2
Let q(p) be the second derivative of -5*p**3/6 + 95*p**2/2 + 2676*p. Give q(18).
5
Let u = -300 - -304. Suppose -p = u, 0 = c + p + p. Let h(v) = -v**3 + 7*v**2 + 9*v - 6. Calculate h(c).
2
Let i(t) = 3*t. Let n(h) = 4*h. Let p(w) = 4*w. Let x(r) = 4*n(r) - 3*p(r). Let f(c) = -3*i(c) + 2*x(c). Give f(1).
-1
Let b(g) = g**3 - 8*g**2 + 2*g. Let i(v) = 7*v**3 - 75*v**2 - 3*v + 402. Let j(q) = 6*b(q) - i(q). What is j(27)?
3
Let n(r) = -r + 21. Let c = -882 + 895. Calculate n(c).
8
Let l(h) = -13*h - 5. Let k be ((-3)/(3/(-2)))/(2/3). Let a(t) = -9*t - 5. Let m(y) = k*l(y) - 4*a(y). What is m(4)?
-7
Let m(n) be the second derivative of -2*n**5/5 + n**4/4 + n**3/6 - n**2 + 36*n - 1. What is m(-1)?
8
Let c(n) = n**3 + 12*n**2 - 14*n + 6. Suppose y = -5*g - 23, 52*y - 50 = 56*y - g. What is c(y)?
19
Let p(o) = -3*o - 5. Let m(q) = -q**2 + 7*q - 4. Let i(h) = m(h) + 2*p(h). Suppose 9*n = 14*n. Determine i(n).
-14
Let u(p) = -9*p**3 + p**3 - 121*p - 11*p**2 + 25 + 7*p**3 + 124*p + p**2. Give u(-10).
-5
Let c(s) be the third derivative of s**4/8 + 9*s**3/2 - 2*s**2. Suppose 0 = -5*y + 4*n - 35, -42*y = -43*y + 5*n + 14. Determine c(y).
-6
Let h(r) be the second derivative of 1/12*r**4 + 5/2*r**2 + 238*r + 0 + 1/2*r**3. Determine h(-5).
15
Let j(u) = -4*u - 2. Let t(o) = -6*o - 3. Suppose -2*g + 5*h - h = -16, -4*g + 32 = -4*h. Let p(k) = g*j(k) - 5*t(k). Let w = 64 - 63. Determine p(w).
-3
Suppose -134*z - 54 = 82*z - 486. Let o(a) = 8*a - 15. Give o(z).
1
Let a(j) = j**3 + 2*j**2 + 3*j + 2. Suppose -3*q - 2*m - 706 = 2*q, 5*m - 545 = 4*q. Let s be (q/(-5) - 1*-1)*-1. Let y = 27 + s. What is a(y)?
-4
Let v = 7 - -4. Let x(j) = -1014*j - 5. Let r(g) = -2536*g - 10. Let w(f) = 2*r(f) - 5*x(f). Give w(v).
-17
Let d(k) be the second derivative of -5*k**5/4 - k**4/12 